{"id":623,"date":"2023-04-20T13:02:31","date_gmt":"2023-04-20T17:02:31","guid":{"rendered":"https:\/\/rupailaf.cl\/?page_id=623"},"modified":"2023-04-20T14:11:58","modified_gmt":"2023-04-20T18:11:58","slug":"premios","status":"publish","type":"page","link":"https:\/\/rupailaf.cl\/index.php\/premios\/","title":{"rendered":"PREMIOS"},"content":{"rendered":"<section class=\"wpb-content-wrapper\"><p>[vc_row][vc_column][vc_column_text]<a href=\"https:\/\/rupailaf.cl\/wp-content\/uploads\/2023\/04\/premio-muniucipal-de-literatura-rupailaf.jpg\" target=\"_blank\" rel=\"noopener\"><img decoding=\"async\" loading=\"lazy\" class=\"wp-image-624 size-medium aligncenter\" src=\"https:\/\/rupailaf.cl\/wp-content\/uploads\/2023\/04\/premio-muniucipal-de-literatura-rupailaf-199x300.jpg\" alt=\"\" width=\"199\" height=\"300\" srcset=\"https:\/\/rupailaf.cl\/wp-content\/uploads\/2023\/04\/premio-muniucipal-de-literatura-rupailaf-199x300.jpg 199w, https:\/\/rupailaf.cl\/wp-content\/uploads\/2023\/04\/premio-muniucipal-de-literatura-rupailaf.jpg 373w\" sizes=\"(max-width: 199px) 100vw, 199px\" \/><\/a><\/p>\n<p>&nbsp;<\/p>\n<p><a href=\"https:\/\/rupailaf.cl\/wp-content\/uploads\/2023\/04\/PREMIO-COLEGIO-MARTIN-LUTERO-1999.jpg\" target=\"_blank\" rel=\"noopener\"><img decoding=\"async\" loading=\"lazy\" class=\"aligncenter wp-image-629 size-medium\" src=\"https:\/\/rupailaf.cl\/wp-content\/uploads\/2023\/04\/PREMIO-COLEGIO-MARTIN-LUTERO-1999-300x200.jpg\" alt=\"\" width=\"300\" height=\"200\" srcset=\"https:\/\/rupailaf.cl\/wp-content\/uploads\/2023\/04\/PREMIO-COLEGIO-MARTIN-LUTERO-1999-300x200.jpg 300w, https:\/\/rupailaf.cl\/wp-content\/uploads\/2023\/04\/PREMIO-COLEGIO-MARTIN-LUTERO-1999.jpg 442w\" sizes=\"(max-width: 300px) 100vw, 300px\" \/><\/a><\/p>\n<p>&nbsp;<\/p>\n<p>&nbsp;<\/p>\n<p><a href=\"https:\/\/rupailaf.cl\/wp-content\/uploads\/2023\/04\/ARTISTA-TRAYECTORIA.jpg\" target=\"_blank\" rel=\"noopener\"><img decoding=\"async\" loading=\"lazy\" class=\"aligncenter wp-image-630 size-medium\" src=\"https:\/\/rupailaf.cl\/wp-content\/uploads\/2023\/04\/ARTISTA-TRAYECTORIA-300x219.jpg\" alt=\"\" width=\"300\" height=\"219\" srcset=\"https:\/\/rupailaf.cl\/wp-content\/uploads\/2023\/04\/ARTISTA-TRAYECTORIA-300x219.jpg 300w, https:\/\/rupailaf.cl\/wp-content\/uploads\/2023\/04\/ARTISTA-TRAYECTORIA.jpg 442w\" sizes=\"(max-width: 300px) 100vw, 300px\" \/><\/a><\/p>\n<p>Diploma que certifica el Premio Artista Regional de Trayectoria 2022, de la Secretaria Ministerial Regional de la Cultura y las Artes de Los Lagos, y que \u201creconoce la obra de chilenos y chilenas que hayan desarrollado una obra continua en el tiempo y que posean una trayectoria comprobable por su excelencia, creatividad, aporte trascendente a la cultura regional y al desarrollo de dichos campos y \u00e1reas del saber y de las artes\u201d (<a href=\"http:\/\/www.cultura.gob.cl\/convocatorias\/premios-regionales-los-lagos-2022\" target=\"_blank\" rel=\"noopener\">www.cultura.gob.cl\/convocatorias\/premios-regionales-los-lagos-2022<\/a>).<\/p>\n<p>&nbsp;<\/p>\n<p>&nbsp;<\/p>\n<p>&nbsp;<\/p>\n<p><a href=\"https:\/\/rupailaf.cl\/#subscribe\">Pr\u00f3ximamente m\u00e1s info &#8230; suscr\u00edbete aqu\u00ed para estar atent@<\/a><\/p>\n<p>&nbsp;<\/p>\n<p>&nbsp;[\/vc_column_text][\/vc_column][\/vc_row]<\/p>\n<\/section>","protected":false},"excerpt":{"rendered":"<p>[vc_row][vc_column][vc_column_text] &nbsp; &nbsp; &nbsp; Diploma que certifica el Premio Artista Regional de Trayectoria 2022, de la Secretaria Ministerial Regional de la Cultura y las Artes de Los Lagos, y que \u201creconoce la obra de chilenos y chilenas que hayan desarrollado una obra continua en el tiempo y que posean una trayectoria comprobable por su excelencia, [&hellip;]<\/p>\n","protected":false},"author":1,"featured_media":0,"parent":0,"menu_order":0,"comment_status":"closed","ping_status":"closed","template":"","meta":[],"_links":{"self":[{"href":"https:\/\/rupailaf.cl\/index.php\/wp-json\/wp\/v2\/pages\/623"}],"collection":[{"href":"https:\/\/rupailaf.cl\/index.php\/wp-json\/wp\/v2\/pages"}],"about":[{"href":"https:\/\/rupailaf.cl\/index.php\/wp-json\/wp\/v2\/types\/page"}],"author":[{"embeddable":true,"href":"https:\/\/rupailaf.cl\/index.php\/wp-json\/wp\/v2\/users\/1"}],"replies":[{"embeddable":true,"href":"https:\/\/rupailaf.cl\/index.php\/wp-json\/wp\/v2\/comments?post=623"}],"version-history":[{"count":6,"href":"https:\/\/rupailaf.cl\/index.php\/wp-json\/wp\/v2\/pages\/623\/revisions"}],"predecessor-version":[{"id":643,"href":"https:\/\/rupailaf.cl\/index.php\/wp-json\/wp\/v2\/pages\/623\/revisions\/643"}],"wp:attachment":[{"href":"https:\/\/rupailaf.cl\/index.php\/wp-json\/wp\/v2\/media?parent=623"}],"curies":[{"name":"wp","href":"https:\/\/api.w.org\/{rel}","templated":true}]}}

<section class="wpb-content-wrapper"><p>[vc_row][vc_column][vc_column_text]<a href="https://rupailaf.cl/wp-content/uploads/2023/04/premio-muniucipal-de-literatura-rupailaf.jpg" target="_blank" rel="noopener"><img decoding="async" loading="lazy" class="wp-image-624 size-medium aligncenter" src="https://rupailaf.cl/wp-content/uploads/2023/04/premio-muniucipal-de-literatura-rupailaf-199x300.jpg" alt="" width="199" height="300" srcset="https://rupailaf.cl/wp-content/uploads/2023/04/premio-muniucipal-de-literatura-rupailaf-199x300.jpg 199w, https://rupailaf.cl/wp-content/uploads/2023/04/premio-muniucipal-de-literatura-rupailaf.jpg 373w" sizes="(max-width: 199px) 100vw, 199px" /></a></p>
<p>&nbsp;</p>
<p><a href="https://rupailaf.cl/wp-content/uploads/2023/04/PREMIO-COLEGIO-MARTIN-LUTERO-1999.jpg" target="_blank" rel="noopener"><img decoding="async" loading="lazy" class="aligncenter wp-image-629 size-medium" src="https://rupailaf.cl/wp-content/uploads/2023/04/PREMIO-COLEGIO-MARTIN-LUTERO-1999-300x200.jpg" alt="" width="300" height="200" srcset="https://rupailaf.cl/wp-content/uploads/2023/04/PREMIO-COLEGIO-MARTIN-LUTERO-1999-300x200.jpg 300w, https://rupailaf.cl/wp-content/uploads/2023/04/PREMIO-COLEGIO-MARTIN-LUTERO-1999.jpg 442w" sizes="(max-width: 300px) 100vw, 300px" /></a></p>
<p>&nbsp;</p>
<p>&nbsp;</p>
<p><a href="https://rupailaf.cl/wp-content/uploads/2023/04/ARTISTA-TRAYECTORIA.jpg" target="_blank" rel="noopener"><img decoding="async" loading="lazy" class="aligncenter wp-image-630 size-medium" src="https://rupailaf.cl/wp-content/uploads/2023/04/ARTISTA-TRAYECTORIA-300x219.jpg" alt="" width="300" height="219" srcset="https://rupailaf.cl/wp-content/uploads/2023/04/ARTISTA-TRAYECTORIA-300x219.jpg 300w, https://rupailaf.cl/wp-content/uploads/2023/04/ARTISTA-TRAYECTORIA.jpg 442w" sizes="(max-width: 300px) 100vw, 300px" /></a></p>
<p>Diploma que certifica el Premio Artista Regional de Trayectoria 2022, de la Secretaria Ministerial Regional de la Cultura y las Artes de Los Lagos, y que “reconoce la obra de chilenos y chilenas que hayan desarrollado una obra continua en el tiempo y que posean una trayectoria comprobable por su excelencia, creatividad, aporte trascendente a la cultura regional y al desarrollo de dichos campos y áreas del saber y de las artes” (<a href="http://www.cultura.gob.cl/convocatorias/premios-regionales-los-lagos-2022" target="_blank" rel="noopener">www.cultura.gob.cl/convocatorias/premios-regionales-los-lagos-2022</a>).</p>
<p>&nbsp;</p>
<p>&nbsp;</p>
<p>&nbsp;</p>
<p><a href="https://rupailaf.cl/#subscribe">Próximamente más info &#8230; suscríbete aquí para estar atent@</a></p>
<p>&nbsp;</p>
<p>&nbsp;[/vc_column_text][/vc_column][/vc_row]</p>
</section>
